{"id":437,"date":"2019-03-09T23:19:22","date_gmt":"2019-03-09T23:19:22","guid":{"rendered":"http:\/\/zaunbau.pl\/?page_id=437"},"modified":"2019-03-10T00:47:19","modified_gmt":"2019-03-10T00:47:19","slug":"unsere-leistungen","status":"publish","type":"page","link":"https:\/\/zaunbau.pl\/?page_id=437","title":{"rendered":"UNSERE LEISTUNGEN"},"content":{"rendered":"\n<p> <br><\/p>\n\n\n\n<div class=\"wp-block-media-text alignwide\" style=\"grid-template-columns:38% auto\"><figure class=\"wp-block-media-text__media\"><img loading=\"lazy\" decoding=\"async\" width=\"1024\" height=\"684\" src=\"https:\/\/zaunbau.pl\/wp-content\/uploads\/2019\/03\/1-20-1024x684.jpg\" alt=\"\" class=\"wp-image-466\" srcset=\"https:\/\/zaunbau.pl\/wp-content\/uploads\/2019\/03\/1-20-1024x684.jpg 1024w, https:\/\/zaunbau.pl\/wp-content\/uploads\/2019\/03\/1-20-555x371.jpg 555w, https:\/\/zaunbau.pl\/wp-content\/uploads\/2019\/03\/1-20-300x200.jpg 300w, https:\/\/zaunbau.pl\/wp-content\/uploads\/2019\/03\/1-20-768x513.jpg 768w, https:\/\/zaunbau.pl\/wp-content\/uploads\/2019\/03\/1-20-750x500.jpg 750w\" sizes=\"auto, (max-width: 1024px) 100vw, 1024px\" \/><\/figure><div class=\"wp-block-media-text__content\">\n<p style=\"font-size:23px\"> Nach Ma\u00df hergestellte Schmiedeeiserne Zaun, T\u00fcr, Toranlagen individuell bemustert. <\/p>\n<\/div><\/div>\n\n\n\n<div class=\"wp-block-media-text alignwide has-media-on-the-right\" style=\"grid-template-columns:auto 38%\"><figure class=\"wp-block-media-text__media\"><img loading=\"lazy\" decoding=\"async\" width=\"1024\" height=\"683\" src=\"https:\/\/zaunbau.pl\/wp-content\/uploads\/2019\/03\/IMG_5566-1024x683.jpg\" alt=\"\" class=\"wp-image-456\" srcset=\"https:\/\/zaunbau.pl\/wp-content\/uploads\/2019\/03\/IMG_5566-1024x683.jpg 1024w, https:\/\/zaunbau.pl\/wp-content\/uploads\/2019\/03\/IMG_5566-555x370.jpg 555w, https:\/\/zaunbau.pl\/wp-content\/uploads\/2019\/03\/IMG_5566-300x200.jpg 300w, https:\/\/zaunbau.pl\/wp-content\/uploads\/2019\/03\/IMG_5566-768x512.jpg 768w, https:\/\/zaunbau.pl\/wp-content\/uploads\/2019\/03\/IMG_5566-750x500.jpg 750w\" sizes=\"auto, (max-width: 1024px) 100vw, 1024px\" \/><\/figure><div class=\"wp-block-media-text__content\">\n<p style=\"font-size:23px\">\nSystem-Zaun\/Toranlagen, Doppelstabmatten, Aluminiumz\u00e4une, Jalousienz\u00e4une, WPC-Systeme, Glas etc.\n\n<\/p>\n<\/div><\/div>\n\n\n\n<div class=\"wp-block-media-text alignwide\" style=\"grid-template-columns:38% auto\"><figure class=\"wp-block-media-text__media\"><img loading=\"lazy\" decoding=\"async\" width=\"1024\" height=\"684\" src=\"https:\/\/zaunbau.pl\/wp-content\/uploads\/2019\/03\/1-29-1-1024x684.jpg\" alt=\"\" class=\"wp-image-439\" srcset=\"https:\/\/zaunbau.pl\/wp-content\/uploads\/2019\/03\/1-29-1-1024x684.jpg 1024w, https:\/\/zaunbau.pl\/wp-content\/uploads\/2019\/03\/1-29-1-555x371.jpg 555w, https:\/\/zaunbau.pl\/wp-content\/uploads\/2019\/03\/1-29-1-300x200.jpg 300w, https:\/\/zaunbau.pl\/wp-content\/uploads\/2019\/03\/1-29-1-768x513.jpg 768w, https:\/\/zaunbau.pl\/wp-content\/uploads\/2019\/03\/1-29-1-750x500.jpg 750w\" sizes=\"auto, (max-width: 1024px) 100vw, 1024px\" \/><\/figure><div class=\"wp-block-media-text__content\">\n<p style=\"font-size:23px\">\nBriefkastensysteme, Elektroinstallationen wie Torantriebe, Video\/Gegensprechanlagen, Funktechnik.\n\n<\/p>\n<\/div><\/div>\n\n\n\n<div class=\"wp-block-media-text alignwide has-media-on-the-right\" style=\"grid-template-columns:auto 38%\"><figure class=\"wp-block-media-text__media\"><img loading=\"lazy\" decoding=\"async\" width=\"800\" height=\"536\" src=\"https:\/\/zaunbau.pl\/wp-content\/uploads\/2019\/03\/0109.jpg\" alt=\"\" class=\"wp-image-473\" srcset=\"https:\/\/zaunbau.pl\/wp-content\/uploads\/2019\/03\/0109.jpg 800w, https:\/\/zaunbau.pl\/wp-content\/uploads\/2019\/03\/0109-555x372.jpg 555w, https:\/\/zaunbau.pl\/wp-content\/uploads\/2019\/03\/0109-300x201.jpg 300w, https:\/\/zaunbau.pl\/wp-content\/uploads\/2019\/03\/0109-768x515.jpg 768w\" sizes=\"auto, (max-width: 800px) 100vw, 800px\" \/><\/figure><div class=\"wp-block-media-text__content\">\n<p style=\"font-size:23px\">\nGel\u00e4nder, Treppengel\u00e4nder aus Stahl, Edelstahl, Aluminium, Glas.\n\n<\/p>\n<\/div><\/div>\n\n\n\n<div class=\"wp-block-media-text alignwide\" style=\"grid-template-columns:37% auto\"><figure class=\"wp-block-media-text__media\"><img loading=\"lazy\" decoding=\"async\" width=\"768\" height=\"1024\" src=\"https:\/\/zaunbau.pl\/wp-content\/uploads\/2019\/03\/schody-metalowe-102-768x1024.jpg\" alt=\"\" class=\"wp-image-475\" srcset=\"https:\/\/zaunbau.pl\/wp-content\/uploads\/2019\/03\/schody-metalowe-102.jpg 768w, https:\/\/zaunbau.pl\/wp-content\/uploads\/2019\/03\/schody-metalowe-102-555x740.jpg 555w, https:\/\/zaunbau.pl\/wp-content\/uploads\/2019\/03\/schody-metalowe-102-225x300.jpg 225w\" sizes=\"auto, (max-width: 768px) 100vw, 768px\" \/><\/figure><div class=\"wp-block-media-text__content\">\n<p style=\"font-size:23px\">Konstruktionen wie Treppen, Carports, Balkone, Terrassen, Vord\u00e4cher.<\/p>\n<\/div><\/div>\n\n\n\n<div class=\"wp-block-media-text alignwide has-media-on-the-right\" style=\"grid-template-columns:auto 40%\"><figure class=\"wp-block-media-text__media\"><img loading=\"lazy\" decoding=\"async\" width=\"1024\" height=\"684\" src=\"https:\/\/zaunbau.pl\/wp-content\/uploads\/2019\/03\/1-19-1024x684.jpg\" alt=\"\" class=\"wp-image-477\" srcset=\"https:\/\/zaunbau.pl\/wp-content\/uploads\/2019\/03\/1-19-1024x684.jpg 1024w, https:\/\/zaunbau.pl\/wp-content\/uploads\/2019\/03\/1-19-555x371.jpg 555w, https:\/\/zaunbau.pl\/wp-content\/uploads\/2019\/03\/1-19-300x200.jpg 300w, https:\/\/zaunbau.pl\/wp-content\/uploads\/2019\/03\/1-19-768x513.jpg 768w, https:\/\/zaunbau.pl\/wp-content\/uploads\/2019\/03\/1-19-750x500.jpg 750w\" sizes=\"auto, (max-width: 1024px) 100vw, 1024px\" \/><\/figure><div class=\"wp-block-media-text__content\">\n<p style=\"font-size:23px\">\nBordsteine, Sockel aus Beton, Granit, Klinker, Fundament und Erdarbeiten.\n\n<\/p>\n<\/div><\/div>\n\n\n\n<h3 class=\"wp-block-heading\" style=\"text-align:center\"><strong>Alle Produkte werden mit Lieferung und Montage deutschlandweit angeboten! <\/strong> <\/h3>\n\n\n\n<blockquote class=\"wp-block-quote is-layout-flow wp-block-quote-is-layout-flow\"><p><\/p><\/blockquote>\n","protected":false},"excerpt":{"rendered":"<p>Nach Ma\u00df hergestellte Schmiedeeiserne Zaun, T\u00fcr, Toranlagen individuell bemustert. System-Zaun\/Toranlagen, Doppelstabmatten, Aluminiumz\u00e4une, Jalousienz\u00e4une, WPC-Systeme, Glas etc. Briefkastensysteme, Elektroinstallationen wie Torantriebe, Video\/Gegensprechanlagen, Funktechnik. Gel\u00e4nder, Treppengel\u00e4nder aus Stahl, Edelstahl, Aluminium, Glas. Konstruktionen wie Treppen, Carports, Balkone, Terrassen, Vord\u00e4cher. Bordsteine, Sockel aus Beton, Granit, Klinker, Fundament und Erdarbeiten. Alle Produkte werden mit Lieferung und Montage deutschlandweit angeboten!<\/p>\n","protected":false},"author":1,"featured_media":0,"parent":0,"menu_order":0,"comment_status":"closed","ping_status":"closed","template":"template-fullwidth.php","meta":{"footnotes":""},"class_list":["post-437","page","type-page","status-publish","hentry"],"_links":{"self":[{"href":"https:\/\/zaunbau.pl\/index.php?rest_route=\/wp\/v2\/pages\/437","targetHints":{"allow":["GET"]}}],"collection":[{"href":"https:\/\/zaunbau.pl\/index.php?rest_route=\/wp\/v2\/pages"}],"about":[{"href":"https:\/\/zaunbau.pl\/index.php?rest_route=\/wp\/v2\/types\/page"}],"author":[{"embeddable":true,"href":"https:\/\/zaunbau.pl\/index.php?rest_route=\/wp\/v2\/users\/1"}],"replies":[{"embeddable":true,"href":"https:\/\/zaunbau.pl\/index.php?rest_route=%2Fwp%2Fv2%2Fcomments&post=437"}],"version-history":[{"count":18,"href":"https:\/\/zaunbau.pl\/index.php?rest_route=\/wp\/v2\/pages\/437\/revisions"}],"predecessor-version":[{"id":487,"href":"https:\/\/zaunbau.pl\/index.php?rest_route=\/wp\/v2\/pages\/437\/revisions\/487"}],"wp:attachment":[{"href":"https:\/\/zaunbau.pl\/index.php?rest_route=%2Fwp%2Fv2%2Fmedia&parent=437"}],"curies":[{"name":"wp","href":"https:\/\/api.w.org\/{rel}","templated":true}]}}